ime?
True
Let p(w) = -w**3 + 5*w**2 - w + 1. Let q be p(5). Let u be (q + 6)/(3 + -2). Suppose 2*s = 4*c - 74, -u*c - 2*c = -s - 75. Is c composite?
False
Let u be (-21)/35 - 84/(-15). Let y be (u/3)/(1/3). Is 42/70 + 2092/y prime?
True
Let w = -24060 - -40223. Is w composite?
True
Suppose 0 = 3*l - 13 - 8. Let c be -1 + (l - -3)/(-2). Is c + 39 - (-4)/2 a composite number?
True
Let o(p) = 1 - 3 - 3*p + 31. Let t be o(9). Is (-22407)/(-121) + t/(-11) prime?
False
Suppose 4*s - s = -5*b - 60, -s = 2*b + 24. Let r = -10 - b. Is 136/r - (3 - 2) a composite number?
False
Let p(x) = x**3 + 22*x**2 - 31*x - 21. Is p(-20) a composite number?
False
Suppose 5*k + 4*g - 19925 = 0, -3*k = -8*k + 4*g + 19965. Is k composite?
False
Suppose -2*w + 3*w - 1518 = 0. Is w/(-4)*(-6)/9 composite?
True
Let b(z) = 289*z + 240. Is b(49) prime?
True
Let l = 13873 + -7472. Is l prime?
False
Let u = 3313 + 20188. Is u prime?
False
Let f(j) = 76*j + 2. Let n(o) = 6*o. Let g be (4/(-6))/(6/(-9)). Let z be n(g). Is f(z) prime?
False
Let m(k) = -k**3 - 7*k**2 - 13*k - 1. Let a be m(-4). Let z be 4/(-6) - 1047/9. Is a + 0 - (5 + z) a composite number?
True
Let b be 172 - (1/2)/((-2)/4). Let q be 2/(-2)*10*-5. Let w = b + q. Is w a composite number?
False
Let o be 2 + 342 + (8 - 8). Suppose 0 = 5*b + 3*b - o. Is b prime?
True
Is 15388/4*(4 - 1)/3 a composite number?
False
Let r be 1 + (25 - 16/4). Suppose -4*h + 102 + r = 0. Is h prime?
True
Suppose -3*a = -5*t - 26764, 32338 = 4*a + t - 3355. Is a prime?
True
Let m = 4607 + -2806. Is m composite?
False
Let c(n) = -n**3 - 18*n**2 - 19*n - 79. Is c(-21) composite?
True
Let x be ((-8)/(-6))/((-2)/18). Suppose -o - 12 = -4*o, -2*k + 16 = o. Is (-1016)/x*k/4 a composite number?
False
Let g(d) = -d**3 - 12*d**2 + d + 11. Let b be g(-12). Let h be b/(-3) - 955/(-15). Let m = 173 - h. Is m prime?
True
Suppose 0 = 3*u - 4*u + 12. Let b be (-14988)/(-33) - u/66. Suppose 5*d = 91 + b. Is d composite?
False
Suppose -3966 = -12*u + 15102. Is u a composite number?
True
Let i(u) = -u**2 - 5*u + 1. Let j be i(-3). Is (1354/10)/(j/35) a composite number?
False
Suppose 2*j - 830 = 3*a + 2597, a = -j + 1706. Is j prime?
True
Let h(b) = -4*b + 11*b**2 - 4*b**3 + 9*b + 3*b**3 + 1 - 8. Is h(10) prime?
False
Suppose v = 1, 2*v - 6*v + 4 = -w. Suppose 17*g - 7*g - 1030 = w. Is g composite?
False
Let s = 1 + 3. Let d be ((-6)/s)/(9/(-24)). Suppose -4*z + 6*h - 2*h = -224, 2*h = -d*z + 242. Is z a composite number?
False
Suppose b - 2495 = -4*a, -3*a = b - 0*a - 2492. Is b a prime number?
False
Let u = -75234 + 106745. Is u prime?
True
Let i(s) = 69*s**2 - 8*s - 7. Let b(l) = -l**3 - 8*l**2 - 7*l + 6. Let f be b(-7). Is i(f) a prime number?
False
Suppose 0 = -328*f + 318*f + 291230. Is f prime?
True
Let s(i) = i**2 - 8*i + 14. Let o be s(6). Suppose 2*t = 2*b + 5 + 11, o*t - b = 13. Suppose t*j + 3*d - 272 = -88, 0 = d + 2. Is j a composite number?
True
Suppose 8 = -5*s + 13. Is (s + 0)/(1 - 3204/3207) prime?
True
Suppose -f - 10556 = -u, f + 16971 + 14703 = 3*u. Is u a prime number?
True
Suppose -25508 = -6*l - 2930. Is l a prime number?
False
Let i be 720/112 - (-3)/((-21)/(-4)). Let q(b) = 25*b**2 - b - 5. Is q(i) a composite number?
False
Let m(a) = -a**2 - 13*a + 1299. Let u be m(0). Suppose -4*t = -u - 1049. Is t a prime number?
True
Suppose 0 = -2*w - 5*t + 23, w - 3*t - 15 = -w. Let h(c) = -7*c**2 - 3 - 3 + 2*c**3 - c + w - 3*c**3. Is h(-7) prime?
False
Suppose -3*n - 4*z = -57, 2*z + 5 = n - 4. Suppose 3*t + t - n = g, 4*t = -5*g + 45. Is (-13734)/(-45) - 1/t composite?
True
Suppose 4*u = 5 + 3. Let z be 1/u + (-6)/4. Is z/(-3 - 92/(-31)) a composite number?
False
Let s(c) = c**3 + c**2 - 9*c + 9. Let m = 0 + 7. Let h be s(m). Suppose -5*k + 0*k - 4*p + 550 = 0, 0 = 3*k + 4*p - h. Is k a prime number?
False
Let w = 1686 - 650. Suppose 5*o - 4*v + 3*v - 1295 = 0, 3*v = -4*o + w. Is o a composite number?
True
Let q(n) = -n**3 + 23*n**2 - 22*n - 1. Let h be q(22). Is (h + 3)*10/8*1214 a prime number?
False
Let z(i) = 404*i**3 - 2*i**2 + 3. Is z(2) a prime number?
False
Is -6*1*-3*1418/18 a composite number?
True
Suppose -27659 = -6*c + 35875. Is c prime?
True
Suppose 0 = 5*c + 3*j - 144, -j + 4 = -3*j. Let m be (92/6)/((-4)/c). Let u = 434 + m. Is u a composite number?
True
Let i be 287/14*(-1 - -283). Let g = i - 2846. Is g prime?
False
Suppose -2*o = -3*v - 2*v + 6, 5*v - 3*o = 9. Let q be 8*(1 - -2 - v). Let f = -9 + q. Is f prime?
False
Let w(g) = -10*g**3 + 2*g**2 - 2*g - 1. Let i = 7 - 7. Suppose 0 = -4*t + 5*m + 17, i*t - 5*t + 10 = -4*m. Is w(t) a prime number?
False
Let g = 50 + -47. Suppose -508 = t - 3*t - 3*k, 2*t = -k + 508. Suppose -g*v = -v - t. Is v a composite number?
False
Let u = -5885 + 20644. Is u a composite number?
False
Let y(m) = m**3 + m**2 + 51*m + 11. Is y(16) a prime number?
True
Suppose -12*d + 31*d - 9139 = 0. Is d prime?
False
Suppose 5*a - 7830 = -0*a. Let p = a - 919. Is p a composite number?
False
Suppose 23208 = -2*f + 10*f. Is f prime?
False
Suppose 5*f = 4*f + 1, f = -4*q + 25. Suppose k = -2*n + 1113, -5*k = -q*k + 5*n + 1127. Is k a composite number?
False
Suppose -7*o + 6*o = -7. Let f = 11 - o. Suppose -2555 = -h - f*h. Is h a prime number?
False
Let a(j) = -2*j + j**2 - 1 + 0 - j - 9. Let x be a(5). Suppose x = -u - u + 2, 40 = 3*p - 5*u. Is p a prime number?
False
Let l(w) = w + 5. Let s = 0 - 7. Let c be l(s). Is 4/c - -1*165 composite?
False
Let b(h) = -3 - 9*h - 12*h + 20*h. Let j be b(-3). Suppose -5*x + 729 + 526 = j. Is x a prime number?
True
Let p(g) = 7*g**2 + 13*g + 30. Is p(13) a prime number?
False
Let k(n) = 16*n**3 + 3*n**2 + n - 3. Let q be k(5). Suppose 3*j - 1667 = -4*b - 2*j, -4*j = 5*b - q. Is b a prime number?
False
Suppose -y - 30 = -6*y. Let t = y - 3. Is 232/6*t/2 a composite number?
True
Suppose 13755 = 5*t + 5*n, -3*t + 3031 = -2*n - 5212. Is t prime?
True
Let k(m) = -33*m + 5 + 214*m + 432*m + 153*m. Let z be k(2). Suppose z = v + 506. Is v a composite number?
False
Suppose 25057 = 16*a - 20751. Is a a prime number?
False
Let g(p) = 7*p**3 + 2*p**2 + 2*p + 1. Let s = -5 + 4. Let x be g(s). Is x/12 - (-1671)/2 a prime number?
False
Let g = 404 - 233. Let i = 502 - g. Is i composite?
False
Let l(s) = -11*s**2 + 23*s - 1. Let q be l(2). Let h(z) = -z**2 - z - 1. Let c(a) = -576*a**2 - 4*a - 6. Let t(i) = -c(i) + 5*h(i). Is t(q) a composite number?
False
Let l(k) = k**3 - 7*k**2 + 5*k - 9. Let b(a) = a**3 - 12*a**2 + 12*a - 6. Let p be b(11). Suppose -3*r + 34 = p*o, 2*r = -0*r - 5*o + 26. Is l(r) prime?
False
Is -59*(14/(-2))/7 composite?
False
Suppose 29*m - 168 = 25*m. Let l = m - -87. Is l a composite number?
True
Suppose -4877 - 3611 = -8*o. Is o prime?
True
Let u be (-6)/(-8) - (-730)/40. Suppose u*k = 15*k + 16. Suppose 0 = k*w - w - 639. Is w prime?
False
Let n = -30 + 50. Suppose -18*b + n*b - 4 = 0. Suppose -2*g - b*g + 596 = 0. Is g a prime number?
True
Suppose 4*u + 3*p - 19717 = 0, -5*p + 19723 = -3*u + 7*u. Is u composite?
True
Let b(q) = -1 + 6 + 2*q**2 - 3*q**2 + 15*q. Let w be b(16). Let p(s) = s**3 + 15*s**2 + 7. Is p(w) composite?
False
Is (54/(-6) + 8)*-1693 composite?
False
Suppose -9*x = 10*x - 486723. Is x a prime number?
False
Suppose -1645 = 8*g - 8901. Is g a composite number?
False
Let h(z) = 347*z. Is h(3) a composite number?
True
Suppose 3*g - 68 = 106. Suppose -13*i - 70 = -15*i. Let s = g - i. Is s a composite number?
False
Suppose -2*a + 1830 = 5*t, -3*t + 0*t + 1124 = -4*a. Suppose 0 = -4*i + 3*o + 5441, i + 3*o - 996 - t = 0. Is i a composite number?
False
Suppose 73 = -4*v - 483. Let w be (-3 - 1)/(-4) - v. Suppose -2*y - 2*y = -w. Is y composite?
True
Let t(r) be the first derivative of 10 + 0*r**2 + r - 1/3*r**3 - 7/4*r**4. Is t(-1) prime?
True
Let l = -42 + 75. Suppose -4*h + 756 = -4*x, -53 = 3*h - 2*x - 616. Suppose 5*p = 5*v + h, 3*v - l + 4 = -p. Is p composite?
True
Suppose -13*w + 8*w + 20 = 0. Suppose q - 4*y = 1693, 2*q - w*q = 4*y - 3386. Is q prime?
True
Let x(b) be the second derivative of -b**5/2 - b**3/2 - 3*b**2/2 + 11*b. Is x(-2) composite?
False
Let f(k) = -3*k**2 - k + 2. Let g be f(2). Let b be 9/(-4) - 3/g. Is (-1 - b)*1*59 composite?
False
Suppose 13*x + 30 = 15*x. Let s(y) = -y**2 + 15*y + 21. Let h be s(x). Suppose 